pose 36*y = 32*y + 3652. What are the prime factors of y?
11, 83
Let y = 22 - 20. Let p(x) = 4*x**3 + 5*x - 2*x - 4*x - 2*x. List the prime factors of p(y).
2, 13
Suppose 3*t - 4*t = 3. Let x = t - -8. Suppose -3*z = z - 5*m - 114, 138 = x*z - 4*m. List the prime factors of z.
2, 13
Let t(c) = -3*c**2 + 18*c + 3. Let j be t(6). Let s(b) = 3*b**3 - b**2 - 2*b + 4. List the prime factors of s(j).
2, 5, 7
Suppose 2*f = 2*w - 8, -w - 2*f + 0 + 16 = 0. List the prime factors of (357/28)/(2/w).
3, 17
Let v = 11 - 14. Let l be -2*v*(-15)/(-18). Suppose 9*c - l*c - 276 = 0. List the prime factors of c.
3, 23
What are the prime factors of (-24297)/(-14)*(0 + (-8)/(-12))?
13, 89
Suppose -22 + 1540 = 6*u. Let r = 440 - u. List the prime factors of r.
11, 17
Suppose 2*i - 34 = 5*d, 3*i - 46 = 2*d + 3*d. Suppose 3*c + i = 3*u - 24, -5*u = -c - 68. What are the prime factors of u?
2, 7
Let j(t) = t - 10. Let b be j(12). Let l be b + (-3 + 0 - 0). What are the prime factors of (0 - -4) + (2 - l)?
7
List the prime factors of (-10472)/(-10) - (-29)/(-145).
3, 349
Suppose 3*r - 6*r = 183. Let x = 41 + r. List the prime factors of ((-4)/(-6))/(x/(-150)).
5
Suppose 226*a = 222*a + 3032. What are the prime factors of a?
2, 379
Let k = 21 + 19. Suppose -37*y + k*y = 213. What are the prime factors of y?
71
Suppose -4 = -z - z. Let y be (6/10)/(z/10). List the prime factors of (-21 + (5 - y))*-1.
19
Let k(d) = -2*d**2 - 4*d - 2. Let n be k(-2). Let y = n - -118. What are the prime factors of y?
2, 29
Suppose -25 = -5*x + 3*z, -3 = 2*x + 4*z - 13. Suppose 4 = -x*p - 6. What are the prime factors of -13*(-1)/(p/(-4))?
2, 13
Let z(i) = 1704*i**3 - 2*i**2 + 2*i - 2. What are the prime factors of z(1)?
2, 23, 37
Let s(m) = 11*m**2 - 2*m - 152. What are the prime factors of s(-11)?
1201
Suppose 144 = -v + 5*v. Suppose s - 15 = -2*d + v, 0 = 5*s - 2*d - 207. List the prime factors of s.
43
Suppose 4*k = 2*z + 30, -4*k + 2*z = z - 31. List the prime factors of k.
2
Let z(c) = -73*c - 52. What are the prime factors of z(-13)?
3, 13, 23
Suppose -5*x = 25, -v - 2*x - 1778 = -5*v. List the prime factors of v.
2, 13, 17
Suppose -5*b - 2 = -7, 2*q - 5*b = 27. Suppose 3*s - q = 161. List the prime factors of s.
59
Let k = 376 + 394. List the prime factors of k.
2, 5, 7, 11
Suppose 31*j - 70075 = -7579. What are the prime factors of j?
2, 3, 7
Let g be 6/(-4) - (-14)/4. Let x(b) = b**2 + 3*b**g - 1 + 4*b**2 - 5*b**2. List the prime factors of x(-3).
2, 13
Let s(f) = -5*f - 3*f - 3 + 11 - 5*f. Let p be s(-6). Suppose 3*x = 13 + p. What are the prime factors of x?
3, 11
Let a(w) = -w**3 + 20*w**2 - 48*w + 15. List the prime factors of a(12).
3, 197
Let w(s) = -s**2 + 19*s - 13. Let n be w(10). Suppose n - 1257 = -10*o. List the prime factors of o.
2, 59
Let b(u) = u**3 - 2*u**3 + 5*u**3 + u**3. Let i be b(1). Suppose 0 = 4*z - i - 3. What are the prime factors of z?
2
Let v = -2880 - -4824. List the prime factors of v.
2, 3
Let j(z) = z**2 - 6*z + 10. Let d be j(4). List the prime factors of 112 + 1 - (1 - (d + -4)).
2, 5, 11
Let g(z) = 2*z**3 + z**2 - 8*z + 2. Let u be g(4). Suppose -u = -4*x + x. List the prime factors of x.
2, 19
Let s = 2334 - 863. List the prime factors of s.
1471
Let w(l) = 5*l**3 - 2*l**2 + 2*l - 1. Let a be w(1). Suppose -4 = 2*y + 5*c + 8, 0 = 4*y + 3*c - a. Suppose -y*j + 25 = -43. List the prime factors of j.
17
Let y(a) = -2*a + 4. Let v be y(2). Suppose v = -0*r + 7*r - 378. List the prime factors of r.
2, 3
Let v(r) = 4*r**2 - r. Let q be v(2). Suppose -5*u - q = 171. Let a = u - -55. List the prime factors of a.
2, 3
Let b = -94 + 108. Suppose 3*n - 3*j - b = 2*n, 0 = -5*n - 3*j + 70. List the prime factors of n.
2, 7
Suppose -44 = -3*i - o - 14, 0 = -2*i - 5*o + 20. Suppose 2*a - i = 2. List the prime factors of a.
2, 3
Let v be ((-80)/(-6))/2*6. Suppose 7*p = 2*p + v. List the prime factors of ((-8)/10)/(p/(-140)).
2, 7
Suppose 0 = 4*d - 3 - 1. Let g be ((-169)/26)/(d/(-2)). Suppose 0 = -g*c + 10*c + 72. List the prime factors of c.
2, 3
Let r(g) be the third derivative of -17*g**4/12 - 28*g**2. Suppose 0 = 2*k + 2. What are the prime factors of r(k)?
2, 17
Let h = -129 + 133. Suppose -p + h*p = n - 94, -p = 4*n - 337. What are the prime factors of n?
5, 17
Suppose 0 = u + 1, 2*x - 3*u - 344 = 1525. What are the prime factors of x?
3, 311
Let v = 978 + -780. What are the prime factors of v?
2, 3, 11
Let w(n) = n**3 + 5*n**2 - 9*n - 1. Suppose u = -2*u. Let r be (6 - u/1)*-1. List the prime factors of w(r).
17
Suppose -4*i = -3*o - 4263, 14*i - 12*i - 3*o = 2133. List the prime factors of i.
3, 5, 71
Suppose -25*n + 16 = -23*n. Let v = n - -135. What are the prime factors of v?
11, 13
Let l(y) = 159*y**3 + 4*y + 1. List the prime factors of l(2).
3, 7, 61
Let v(i) = i**2 + 10*i + 18. Let b = 6 + -18. List the prime factors of v(b).
2, 3, 7
Suppose 3*u - 5*m = -4, m = -5*u + 3*m + 6. Let i(r) = -6*r**u + 1 + 11*r**2 + 7 - 12*r - 3*r**2. List the prime factors of i(9).
2, 31
Suppose -65 + 13 = -3*j - 2*y, y + 19 = j. Let d = 206 - j. What are the prime factors of d?
2, 47
Let z(h) = -4*h - 9*h + h**2 + 1 - h. What are the prime factors of z(16)?
3, 11
Suppose -4*g + 1760 = -4*i, 2*g + 0*i - 850 = -4*i. List the prime factors of g.
3, 5, 29
List the prime factors of -4 + -1 + 17 + -2 + 4.
2, 7
Let t(i) = i**3 + 15*i**2 + 6*i - 15. Let z be t(-13). What are the prime factors of (-18)/(-117) + z/13?
19
Suppose 0 = 11*t + 77 + 22. Let d(x) = -2*x**2 - 19*x + 5. What are the prime factors of d(t)?
2, 7
Let g(s) = 44*s + 31. What are the prime factors of g(7)?
3, 113
Let r(l) be the second derivative of l**5/20 + 3*l**4/4 - l**3 + 8*l**2 - 25*l. What are the prime factors of r(-7)?
2, 3, 13
Let i = 215 - 120. Let k = i + -44. List the prime factors of k.
3, 17
Let b = 650 - 436. Suppose 186 = 5*r - b. What are the prime factors of r?
2, 5
Let v = 27 + -23. List the prime factors of 0 - ((1 - 2)/(-1) - v).
3
Let w(l) = 2*l**3 - 8*l**2 + 3*l - 2. Let h be w(6). Suppose -4*u - 2*z = -106 - 12, 5*u + 5*z = h. Suppose -3*d - u = -4*d. List the prime factors of d.
3
Let o be (-3)/9 + (-525)/(-9). Let s = o - -7. What are the prime factors of s?
5, 13
Suppose -h + 17 = 2*v, -2*h + 2*v + 4 = -0. Suppose 0 = h*t - 1782 - 101. What are the prime factors of t?
269
Suppose 4*y - 3796 = -2*g, -13*y + 14*y - 952 = -2*g. What are the prime factors of y?
2, 3, 79
Suppose -8 = -w + d, -d - d + 2 = 4*w. Suppose -w*x = x - 16. Suppose -z + 2*z = 4*g - 54, x*g - 5*z = 62. What are the prime factors of g?
13
Let c = 76 - 81. Let t be 2/(-7) + (-32)/(-14). List the prime factors of 2/t + (-4 - c).
2
Suppose -5*x + 99 + 51 = 0. Suppose i + 0*i - x = 0. List the prime factors of i.
2, 3, 5
What are the prime factors of (-62592)/(-21) + -3 + (-52)/91?
13, 229
Let t be (3 + -1)/(8/24). Let m = t - 4. Let i = 14 - m. What are the prime factors of i?
2, 3
List the prime factors of 6/(4/24960*18).
2, 5, 13
Let g(t) = 108*t - 330. What are the prime factors of g(19)?
2, 3, 7, 41
Suppose -5*z = -8*z + 21. Suppose l - z = 30. List the prime factors of l.
37
Suppose f + 5*a - 16 = -4, 2 = -f + 2*a. List the prime factors of 117/((f/6)/((-4)/(-12))).
3, 13
Let f = -4 + 7. Let p be -8*(-2 - f/(-2)). Suppose -d - q = -29, -2*d + p*q - 8 + 42 = 0. What are the prime factors of d?
5
Suppose 58*x = 7*x + 21726. What are the prime factors of x?
2, 3, 71
Let l(x) = 14*x**2 + 13*x + 38. What are the prime factors of l(-8)?
2, 5, 83
Let t(u) = 5*u**2 - 19*u + 6. Suppose 5*r - 3*y - 32 = -3, 5*r - 11 = -3*y. List the prime factors of t(r).
2, 5
Suppose 3*s - 102 + 54 = 0. Suppose -140 = -s*q + 14*q. List the prime factors of q.
2, 5, 7
Suppose 0 = -28*u + 31*u - 72. Let j = 138 - 60. Suppose -j + u = -2*m. What are the prime factors of m?
3
Let c be (-6)/2 - (-49 - -6). Suppose 2*v + c + 32 = 0. What are the prime factors of v*(8/2)/(-8)?
2, 3
Let v(y) = -y**3 - y**2 - 2. Let d be v(-4). Suppose j - 34 = m, 0*j - 4*m = -j + d. What are the prime factors of j?
2, 3, 5
Let d = 28 - 46. Let q(k) = -2*k - 18. What are the prime factors of q(d)?
2, 3
Suppose k + 2*k = -5*q + 4571, -2*q = k - 1828. List the prime factors of q.
11, 83
Let b = 75 - 142. Let a = b + 75. What are the prime factors of a?
2
L